{"version":"1.0","provider_name":"MediaPark K\u00f6ln","provider_url":"https:\/\/www.mediapark.de\/en\/","author_name":"Nina Linnebach","author_url":"https:\/\/www.mediapark.de\/en\/author\/n_linnebach\/","title":"Gl\u00fchweinzeit im MediaPark! - MediaPark K\u00f6ln","type":"rich","width":600,"height":338,"html":"<blockquote class=\"wp-embedded-content\" data-secret=\"wyNCOD6rV2\"><a href=\"https:\/\/www.mediapark.de\/en\/veranstaltungen\/gluehweinzeit-im-mediapark\/\">Gl\u00fchweinzeit im MediaPark!<\/a><\/blockquote><iframe sandbox=\"allow-scripts\" security=\"restricted\" src=\"https:\/\/www.mediapark.de\/en\/veranstaltungen\/gluehweinzeit-im-mediapark\/embed\/#?secret=wyNCOD6rV2\" width=\"600\" height=\"338\" title=\"&#8220;Gl\u00fchweinzeit im MediaPark!&#8221; &#8212; MediaPark K\u00f6ln\" data-secret=\"wyNCOD6rV2\" frameborder=\"0\" marginwidth=\"0\" marginheight=\"0\" scrolling=\"no\" class=\"wp-embedded-content\"><\/iframe><script type=\"text\/javascript\">\n\/* <![CDATA[ *\/\n\/*! This file is auto-generated *\/\n!function(d,l){\"use strict\";l.querySelector&&d.addEventListener&&\"undefined\"!=typeof URL&&(d.wp=d.wp||{},d.wp.receiveEmbedMessage||(d.wp.receiveEmbedMessage=function(e){var t=e.data;if((t||t.secret||t.message||t.value)&&!\/[^a-zA-Z0-9]\/.test(t.secret)){for(var s,r,n,a=l.querySelectorAll('iframe[data-secret=\"'+t.secret+'\"]'),o=l.querySelectorAll('blockquote[data-secret=\"'+t.secret+'\"]'),c=new RegExp(\"^https?:$\",\"i\"),i=0;i<o.length;i++)o[i].style.display=\"none\";for(i=0;i<a.length;i++)s=a[i],e.source===s.contentWindow&&(s.removeAttribute(\"style\"),\"height\"===t.message?(1e3<(r=parseInt(t.value,10))?r=1e3:~~r<200&&(r=200),s.height=r):\"link\"===t.message&&(r=new URL(s.getAttribute(\"src\")),n=new URL(t.value),c.test(n.protocol))&&n.host===r.host&&l.activeElement===s&&(d.top.location.href=t.value))}},d.addEventListener(\"message\",d.wp.receiveEmbedMessage,!1),l.addEventListener(\"DOMContentLoaded\",function(){for(var e,t,s=l.querySelectorAll(\"iframe.wp-embedded-content\"),r=0;r<s.length;r++)(t=(e=s[r]).getAttribute(\"data-secret\"))||(t=Math.random().toString(36).substring(2,12),e.src+=\"#?secret=\"+t,e.setAttribute(\"data-secret\",t)),e.contentWindow.postMessage({message:\"ready\",secret:t},\"*\")},!1)))}(window,document);\n\/* ]]> *\/\n<\/script>\n","thumbnail_url":"https:\/\/www.mediapark.de\/wp-content\/uploads\/2024\/11\/SG_Blick-auf-Bude.jpg","thumbnail_width":964,"thumbnail_height":545,"description":"[vc_row][vc_column width=&#8221;1\/3&#8243; offset=&#8221;vc_col-lg-3 vc_col-md-4 vc_hidden-sm vc_col-xs-12 vc_hidden-xs&#8221;][\/vc_column][vc_column css=&#8221;.vc_custom_1494321748347{background-color: #ffffff !important;}&#8221; offset=&#8221;vc_col-lg-9 vc_col-md-8 vc_col-xs-12&#8243;][vc_row_inner][vc_column_inner el_class=&#8221;content-headline&#8221;][vc_column_text css=&#8221;&#8221;] Gl\u00fchweinzeit im MediaPark! [\/vc_column_text][\/vc_column_inner][\/vc_row_inner][vc_column_text css=&#8221;&#8221;] Ab Mitte November 2025, ist die Gl\u00fchweinbude des NH Collection K\u00f6ln Mediapark wieder ge\u00f6ffnet. Wenn abends die Lichter im MediaPark angehen und der Duft von hei\u00dfem Gl\u00fchwein durch die Luft zieht, beginnt die gem\u00fctlichste Zeit&hellip;"}

MediaPark Köln

Glühweinzeit im MediaPark! - MediaPark Köln

<blockquote class="wp-embedded-content" data-secret="wyNCOD6rV2"><a href="https://www.mediapark.de/en/veranstaltungen/gluehweinzeit-im-mediapark/">Glühweinzeit im MediaPark!</a></blockquote><iframe sandbox="allow-scripts" security="restricted" src="https://www.mediapark.de/en/veranstaltungen/gluehweinzeit-im-mediapark/embed/#?secret=wyNCOD6rV2" width="600" height="338" title="&#8220;Glühweinzeit im MediaPark!&#8221; &#8212; MediaPark Köln" data-secret="wyNCOD6rV2" frameborder="0" marginwidth="0" marginheight="0" scrolling="no" class="wp-embedded-content"></iframe><script type="text/javascript">
/* <![CDATA[ */
/*! This file is auto-generated */
!function(d,l){"use strict";l.querySelector&&d.addEventListener&&"undefined"!=typeof URL&&(d.wp=d.wp||{},d.wp.receiveEmbedMessage||(d.wp.receiveEmbedMessage=function(e){var t=e.data;if((t||t.secret||t.message||t.value)&&!/[^a-zA-Z0-9]/.test(t.secret)){for(var s,r,n,a=l.querySelectorAll('iframe[data-secret="'+t.secret+'"]'),o=l.querySelectorAll('blockquote[data-secret="'+t.secret+'"]'),c=new RegExp("^https?:$","i"),i=0;i<o.length;i++)o[i].style.display="none";for(i=0;i<a.length;i++)s=a[i],e.source===s.contentWindow&&(s.removeAttribute("style"),"height"===t.message?(1e3<(r=parseInt(t.value,10))?r=1e3:~~r<200&&(r=200),s.height=r):"link"===t.message&&(r=new URL(s.getAttribute("src")),n=new URL(t.value),c.test(n.protocol))&&n.host===r.host&&l.activeElement===s&&(d.top.location.href=t.value))}},d.addEventListener("message",d.wp.receiveEmbedMessage,!1),l.addEventListener("DOMContentLoaded",function(){for(var e,t,s=l.querySelectorAll("iframe.wp-embedded-content"),r=0;r<s.length;r++)(t=(e=s[r]).getAttribute("data-secret"))||(t=Math.random().toString(36).substring(2,12),e.src+="#?secret="+t,e.setAttribute("data-secret",t)),e.contentWindow.postMessage({message:"ready",secret:t},"*")},!1)))}(window,document);
/* ]]> */
</script>

[vc_row][vc_column width=&#8221;1/3&#8243; offset=&#8221;vc_col-lg-3 vc_col-md-4 vc_hidden-sm vc_col-xs-12 vc_hidden-xs&#8221;][/vc_column][vc_column css=&#8221;.vc_custom_1494321748347{background-color: #ffffff !important;}&#8221; offset=&#8221;vc_col-lg-9 vc_col-md-8 vc_col-xs-12&#8243;][vc_row_inner][vc_column_inner el_class=&#8221;content-headline&#8221;][vc_column_text css=&#8221;&#8221;] Glühweinzeit im MediaPark! [/vc_column_text][/vc_column_inner][/vc_row_inner][vc_column_text css=&#8221;&#8221;] Ab Mitte November 2025, ist die Glühweinbude des NH Collection Köln Mediapark wieder geöffnet. Wenn abends die Lichter im MediaPark angehen und der Duft von heißem Glühwein durch die Luft zieht, beginnt die gemütlichste Zeit&hellip;
