{"version":"1.0","provider_name":"MediaPark K\u00f6ln","provider_url":"https:\/\/www.mediapark.de\/en\/","author_name":"Nina Linnebach","author_url":"https:\/\/www.mediapark.de\/en\/author\/n_linnebach\/","title":"Sommer K\u00f6ln: Mirage von Cie. Dyptik - MediaPark K\u00f6ln","type":"rich","width":600,"height":338,"html":"<blockquote class=\"wp-embedded-content\" data-secret=\"18FmyBNsVU\"><a href=\"https:\/\/www.mediapark.de\/en\/veranstaltungen\/sommer-koeln-mirage-von-cie-dyptik-2\/\">Sommer K\u00f6ln: Mirage von Cie. Dyptik<\/a><\/blockquote><iframe sandbox=\"allow-scripts\" security=\"restricted\" src=\"https:\/\/www.mediapark.de\/en\/veranstaltungen\/sommer-koeln-mirage-von-cie-dyptik-2\/embed\/#?secret=18FmyBNsVU\" width=\"600\" height=\"338\" title=\"&#8220;Sommer K\u00f6ln: Mirage von Cie. Dyptik&#8221; &#8212; MediaPark K\u00f6ln\" data-secret=\"18FmyBNsVU\" frameborder=\"0\" marginwidth=\"0\" marginheight=\"0\" scrolling=\"no\" class=\"wp-embedded-content\"><\/iframe><script type=\"text\/javascript\">\n\/* <![CDATA[ *\/\n\/*! This file is auto-generated *\/\n!function(d,l){\"use strict\";l.querySelector&&d.addEventListener&&\"undefined\"!=typeof URL&&(d.wp=d.wp||{},d.wp.receiveEmbedMessage||(d.wp.receiveEmbedMessage=function(e){var t=e.data;if((t||t.secret||t.message||t.value)&&!\/[^a-zA-Z0-9]\/.test(t.secret)){for(var s,r,n,a=l.querySelectorAll('iframe[data-secret=\"'+t.secret+'\"]'),o=l.querySelectorAll('blockquote[data-secret=\"'+t.secret+'\"]'),c=new RegExp(\"^https?:$\",\"i\"),i=0;i<o.length;i++)o[i].style.display=\"none\";for(i=0;i<a.length;i++)s=a[i],e.source===s.contentWindow&&(s.removeAttribute(\"style\"),\"height\"===t.message?(1e3<(r=parseInt(t.value,10))?r=1e3:~~r<200&&(r=200),s.height=r):\"link\"===t.message&&(r=new URL(s.getAttribute(\"src\")),n=new URL(t.value),c.test(n.protocol))&&n.host===r.host&&l.activeElement===s&&(d.top.location.href=t.value))}},d.addEventListener(\"message\",d.wp.receiveEmbedMessage,!1),l.addEventListener(\"DOMContentLoaded\",function(){for(var e,t,s=l.querySelectorAll(\"iframe.wp-embedded-content\"),r=0;r<s.length;r++)(t=(e=s[r]).getAttribute(\"data-secret\"))||(t=Math.random().toString(36).substring(2,12),e.src+=\"#?secret=\"+t,e.setAttribute(\"data-secret\",t)),e.contentWindow.postMessage({message:\"ready\",secret:t},\"*\")},!1)))}(window,document);\n\/* ]]> *\/\n<\/script>\n","thumbnail_url":"https:\/\/www.mediapark.de\/wp-content\/uploads\/2025\/07\/PressPhoto4-Mirage-\u00a9ronenvief_hp.jpg","thumbnail_width":1000,"thumbnail_height":667,"description":"[vc_row][vc_column width=&#8221;1\/3&#8243; offset=&#8221;vc_col-lg-3 vc_col-md-4 vc_hidden-sm vc_col-xs-12 vc_hidden-xs&#8221;][\/vc_column][vc_column css=&#8221;.vc_custom_1494321748347{background-color: #ffffff !important;}&#8221; offset=&#8221;vc_col-lg-9 vc_col-md-8 vc_col-xs-12&#8243;][vc_row_inner][vc_column_inner el_class=&#8221;content-headline&#8221;][vc_column_text css=&#8221;&#8221;] Sommer K\u00f6ln: Mirage von Cie. Dyptik [\/vc_column_text][\/vc_column_inner][\/vc_row_inner][vc_single_image image=&#8221;6329&#8243; img_size=&#8221;large&#8221; add_caption=&#8221;yes&#8221; alignment=&#8221;center&#8221; css=&#8221;&#8221; el_class=&#8221;post-title-image&#8221;][vc_column_text css=&#8221;&#8221;] Die franz\u00f6sische Gruppe vereint auf stimmungsvolle und emotionale Weise Akrobatik und Tanz zu einem St\u00fcck purer Energie. Bunte F\u00e4hnchen, Stahlger\u00fcste, Absperrungen und pulsierende Rhythmen \u2013 ein&hellip;"}

MediaPark Köln

Sommer Köln: Mirage von Cie. Dyptik - MediaPark Köln

<blockquote class="wp-embedded-content" data-secret="18FmyBNsVU"><a href="https://www.mediapark.de/en/veranstaltungen/sommer-koeln-mirage-von-cie-dyptik-2/">Sommer Köln: Mirage von Cie. Dyptik</a></blockquote><iframe sandbox="allow-scripts" security="restricted" src="https://www.mediapark.de/en/veranstaltungen/sommer-koeln-mirage-von-cie-dyptik-2/embed/#?secret=18FmyBNsVU" width="600" height="338" title="&#8220;Sommer Köln: Mirage von Cie. Dyptik&#8221; &#8212; MediaPark Köln" data-secret="18FmyBNsVU" frameborder="0" marginwidth="0" marginheight="0" scrolling="no" class="wp-embedded-content"></iframe><script type="text/javascript">
/* <![CDATA[ */
/*! This file is auto-generated */
!function(d,l){"use strict";l.querySelector&&d.addEventListener&&"undefined"!=typeof URL&&(d.wp=d.wp||{},d.wp.receiveEmbedMessage||(d.wp.receiveEmbedMessage=function(e){var t=e.data;if((t||t.secret||t.message||t.value)&&!/[^a-zA-Z0-9]/.test(t.secret)){for(var s,r,n,a=l.querySelectorAll('iframe[data-secret="'+t.secret+'"]'),o=l.querySelectorAll('blockquote[data-secret="'+t.secret+'"]'),c=new RegExp("^https?:$","i"),i=0;i<o.length;i++)o[i].style.display="none";for(i=0;i<a.length;i++)s=a[i],e.source===s.contentWindow&&(s.removeAttribute("style"),"height"===t.message?(1e3<(r=parseInt(t.value,10))?r=1e3:~~r<200&&(r=200),s.height=r):"link"===t.message&&(r=new URL(s.getAttribute("src")),n=new URL(t.value),c.test(n.protocol))&&n.host===r.host&&l.activeElement===s&&(d.top.location.href=t.value))}},d.addEventListener("message",d.wp.receiveEmbedMessage,!1),l.addEventListener("DOMContentLoaded",function(){for(var e,t,s=l.querySelectorAll("iframe.wp-embedded-content"),r=0;r<s.length;r++)(t=(e=s[r]).getAttribute("data-secret"))||(t=Math.random().toString(36).substring(2,12),e.src+="#?secret="+t,e.setAttribute("data-secret",t)),e.contentWindow.postMessage({message:"ready",secret:t},"*")},!1)))}(window,document);
/* ]]> */
</script>

[vc_row][vc_column width=&#8221;1/3&#8243; offset=&#8221;vc_col-lg-3 vc_col-md-4 vc_hidden-sm vc_col-xs-12 vc_hidden-xs&#8221;][/vc_column][vc_column css=&#8221;.vc_custom_1494321748347{background-color: #ffffff !important;}&#8221; offset=&#8221;vc_col-lg-9 vc_col-md-8 vc_col-xs-12&#8243;][vc_row_inner][vc_column_inner el_class=&#8221;content-headline&#8221;][vc_column_text css=&#8221;&#8221;] Sommer Köln: Mirage von Cie. Dyptik [/vc_column_text][/vc_column_inner][/vc_row_inner][vc_single_image image=&#8221;6329&#8243; img_size=&#8221;large&#8221; add_caption=&#8221;yes&#8221; alignment=&#8221;center&#8221; css=&#8221;&#8221; el_class=&#8221;post-title-image&#8221;][vc_column_text css=&#8221;&#8221;] Die französische Gruppe vereint auf stimmungsvolle und emotionale Weise Akrobatik und Tanz zu einem Stück purer Energie. Bunte Fähnchen, Stahlgerüste, Absperrungen und pulsierende Rhythmen – ein&hellip;
