{"id":4105,"date":"2019-04-17T11:25:38","date_gmt":"2019-04-17T09:25:38","guid":{"rendered":"https:\/\/www.mediapark.de\/wp-content\/uploads\/2019\/04\/Hallensleben_Ruth.jpg"},"modified":"2019-04-17T11:25:43","modified_gmt":"2019-04-17T09:25:43","slug":"reklame-fuer-die-tapetenfirma-pickhardt-siebert-gummersbach-2","status":"inherit","type":"attachment","link":"https:\/\/www.mediapark.de\/en\/reklame-fuer-die-tapetenfirma-pickhardt-siebert-gummersbach-2\/","title":{"rendered":"Reklame f\u00fcr die Tapetenfirma Pickhardt &amp; Siebert, Gummersbach,"},"author":2,"featured_media":0,"comment_status":"open","ping_status":"closed","template":"","meta":{"_acf_changed":false},"class_list":["post-4105","attachment","type-attachment","status-inherit","hentry"],"acf":[],"yoast_head":"<!-- This site is optimized with the Yoast SEO plugin v24.2 - https:\/\/yoast.com\/wordpress\/plugins\/seo\/ -->\n<title>Reklame f\u00fcr die Tapetenfirma Pickhardt &amp; Siebert, Gummersbach, - MediaPark K\u00f6ln<\/title>\n<meta name=\"robots\" content=\"index, follow, max-snippet:-1, max-image-preview:large, max-video-preview:-1\" \/>\n<link rel=\"canonical\" href=\"https:\/\/www.mediapark.de\/wp-content\/uploads\/2019\/04\/Hallensleben_Ruth.jpg\" \/>\n<meta property=\"og:locale\" content=\"en_US\" \/>\n<meta property=\"og:type\" content=\"article\" \/>\n<meta property=\"og:title\" content=\"Reklame f\u00fcr die Tapetenfirma Pickhardt &amp; Siebert, Gummersbach, - MediaPark K\u00f6ln\" \/>\n<meta property=\"og:description\" content=\"Ruth Hallensleben: Reklame f\u00fcr die Tapetenfirma Pickhardt &amp; Siebert, Gummersbach, August 1956 \u00a9 Fotoarchiv Ruhr Museum Essen, 2019; courtesy Die Photographische Sammlung\/SK Stiftung Kultur, K\u00f6ln\" \/>\n<meta property=\"og:url\" content=\"https:\/\/www.mediapark.de\/wp-content\/uploads\/2019\/04\/Hallensleben_Ruth.jpg\" \/>\n<meta property=\"og:site_name\" content=\"MediaPark K\u00f6ln\" \/>\n<meta property=\"article:publisher\" content=\"http:\/\/www.facebook.com\/pages\/MediaPark\/360959134018223\" \/>\n<meta property=\"article:modified_time\" content=\"2019-04-17T09:25:43+00:00\" \/>\n<meta property=\"og:image\" content=\"https:\/\/www.mediapark.de\/wp-content\/uploads\/2019\/04\/Hallensleben_Ruth.jpg\" \/>\n\t<meta property=\"og:image:width\" content=\"1603\" \/>\n\t<meta property=\"og:image:height\" content=\"2126\" \/>\n\t<meta property=\"og:image:type\" content=\"image\/jpeg\" \/>\n<meta name=\"twitter:card\" content=\"summary_large_image\" \/>\n<meta name=\"twitter:site\" content=\"@MediaParkKoeln\" \/>\n<script type=\"application\/ld+json\" class=\"yoast-schema-graph\">{\"@context\":\"https:\/\/schema.org\",\"@graph\":[{\"@type\":\"WebPage\",\"@id\":\"https:\/\/www.mediapark.de\/wp-content\/uploads\/2019\/04\/Hallensleben_Ruth.jpg\",\"url\":\"https:\/\/www.mediapark.de\/wp-content\/uploads\/2019\/04\/Hallensleben_Ruth.jpg\",\"name\":\"Reklame f\u00fcr die Tapetenfirma Pickhardt &amp; Siebert, Gummersbach, - MediaPark K\u00f6ln\",\"isPartOf\":{\"@id\":\"https:\/\/www.mediapark.de\/#website\"},\"datePublished\":\"2019-04-17T09:25:38+00:00\",\"dateModified\":\"2019-04-17T09:25:43+00:00\",\"breadcrumb\":{\"@id\":\"https:\/\/www.mediapark.de\/wp-content\/uploads\/2019\/04\/Hallensleben_Ruth.jpg#breadcrumb\"},\"inLanguage\":\"en-US\",\"potentialAction\":[{\"@type\":\"ReadAction\",\"target\":[\"https:\/\/www.mediapark.de\/wp-content\/uploads\/2019\/04\/Hallensleben_Ruth.jpg\"]}]},{\"@type\":\"BreadcrumbList\",\"@id\":\"https:\/\/www.mediapark.de\/wp-content\/uploads\/2019\/04\/Hallensleben_Ruth.jpg#breadcrumb\",\"itemListElement\":[{\"@type\":\"ListItem\",\"position\":1,\"name\":\"Startseite\",\"item\":\"https:\/\/www.mediapark.de\/en\/\"},{\"@type\":\"ListItem\",\"position\":2,\"name\":\"Reklame f\u00fcr die Tapetenfirma Pickhardt &amp; Siebert, Gummersbach,\"}]},{\"@type\":\"WebSite\",\"@id\":\"https:\/\/www.mediapark.de\/#website\",\"url\":\"https:\/\/www.mediapark.de\/\",\"name\":\"MediaPark K\u00f6ln\",\"description\":\"\",\"potentialAction\":[{\"@type\":\"SearchAction\",\"target\":{\"@type\":\"EntryPoint\",\"urlTemplate\":\"https:\/\/www.mediapark.de\/?s={search_term_string}\"},\"query-input\":{\"@type\":\"PropertyValueSpecification\",\"valueRequired\":true,\"valueName\":\"search_term_string\"}}],\"inLanguage\":\"en-US\"}]}<\/script>\n<!-- \/ Yoast SEO plugin. -->","yoast_head_json":{"title":"Reklame f\u00fcr die Tapetenfirma Pickhardt &amp; Siebert, Gummersbach, - MediaPark K\u00f6ln","robots":{"index":"index","follow":"follow","max-snippet":"max-snippet:-1","max-image-preview":"max-image-preview:large","max-video-preview":"max-video-preview:-1"},"canonical":"https:\/\/www.mediapark.de\/wp-content\/uploads\/2019\/04\/Hallensleben_Ruth.jpg","og_locale":"en_US","og_type":"article","og_title":"Reklame f\u00fcr die Tapetenfirma Pickhardt &amp; Siebert, Gummersbach, - MediaPark K\u00f6ln","og_description":"Ruth Hallensleben: Reklame f\u00fcr die Tapetenfirma Pickhardt & Siebert, Gummersbach, August 1956 \u00a9 Fotoarchiv Ruhr Museum Essen, 2019; courtesy Die Photographische Sammlung\/SK Stiftung Kultur, K\u00f6ln","og_url":"https:\/\/www.mediapark.de\/wp-content\/uploads\/2019\/04\/Hallensleben_Ruth.jpg","og_site_name":"MediaPark K\u00f6ln","article_publisher":"http:\/\/www.facebook.com\/pages\/MediaPark\/360959134018223","article_modified_time":"2019-04-17T09:25:43+00:00","og_image":[{"width":1603,"height":2126,"url":"https:\/\/www.mediapark.de\/wp-content\/uploads\/2019\/04\/Hallensleben_Ruth.jpg","type":"image\/jpeg"}],"twitter_card":"summary_large_image","twitter_site":"@MediaParkKoeln","schema":{"@context":"https:\/\/schema.org","@graph":[{"@type":"WebPage","@id":"https:\/\/www.mediapark.de\/wp-content\/uploads\/2019\/04\/Hallensleben_Ruth.jpg","url":"https:\/\/www.mediapark.de\/wp-content\/uploads\/2019\/04\/Hallensleben_Ruth.jpg","name":"Reklame f\u00fcr die Tapetenfirma Pickhardt &amp; Siebert, Gummersbach, - MediaPark K\u00f6ln","isPartOf":{"@id":"https:\/\/www.mediapark.de\/#website"},"datePublished":"2019-04-17T09:25:38+00:00","dateModified":"2019-04-17T09:25:43+00:00","breadcrumb":{"@id":"https:\/\/www.mediapark.de\/wp-content\/uploads\/2019\/04\/Hallensleben_Ruth.jpg#breadcrumb"},"inLanguage":"en-US","potentialAction":[{"@type":"ReadAction","target":["https:\/\/www.mediapark.de\/wp-content\/uploads\/2019\/04\/Hallensleben_Ruth.jpg"]}]},{"@type":"BreadcrumbList","@id":"https:\/\/www.mediapark.de\/wp-content\/uploads\/2019\/04\/Hallensleben_Ruth.jpg#breadcrumb","itemListElement":[{"@type":"ListItem","position":1,"name":"Startseite","item":"https:\/\/www.mediapark.de\/en\/"},{"@type":"ListItem","position":2,"name":"Reklame f\u00fcr die Tapetenfirma Pickhardt &amp; Siebert, Gummersbach,"}]},{"@type":"WebSite","@id":"https:\/\/www.mediapark.de\/#website","url":"https:\/\/www.mediapark.de\/","name":"MediaPark K\u00f6ln","description":"","potentialAction":[{"@type":"SearchAction","target":{"@type":"EntryPoint","urlTemplate":"https:\/\/www.mediapark.de\/?s={search_term_string}"},"query-input":{"@type":"PropertyValueSpecification","valueRequired":true,"valueName":"search_term_string"}}],"inLanguage":"en-US"}]}},"description":{"rendered":"<p class=\"attachment\"><a href='https:\/\/www.mediapark.de\/wp-content\/uploads\/2019\/04\/Hallensleben_Ruth.jpg'><img loading=\"lazy\" decoding=\"async\" width=\"226\" height=\"300\" src=\"https:\/\/www.mediapark.de\/wp-content\/uploads\/2019\/04\/Hallensleben_Ruth-226x300.jpg\" class=\"attachment-medium size-medium\" alt=\"\" srcset=\"https:\/\/www.mediapark.de\/wp-content\/uploads\/2019\/04\/Hallensleben_Ruth-226x300.jpg 226w, https:\/\/www.mediapark.de\/wp-content\/uploads\/2019\/04\/Hallensleben_Ruth-768x1019.jpg 768w, https:\/\/www.mediapark.de\/wp-content\/uploads\/2019\/04\/Hallensleben_Ruth-772x1024.jpg 772w, https:\/\/www.mediapark.de\/wp-content\/uploads\/2019\/04\/Hallensleben_Ruth.jpg 1603w\" sizes=\"auto, (max-width: 226px) 100vw, 226px\" \/><\/a><\/p>\n"},"caption":{"rendered":"<p>Ruth Hallensleben: Reklame f\u00fcr die Tapetenfirma Pickhardt &#038; Siebert, Gummersbach, August 1956<\/p>\n<p>\u00a9 Fotoarchiv Ruhr Museum Essen, 2019; courtesy Die Photographische Sammlung\/SK Stiftung Kultur, K\u00f6ln <\/p>\n"},"alt_text":"","media_type":"image","mime_type":"image\/jpeg","media_details":{"width":1603,"height":2126,"file":"2019\/04\/Hallensleben_Ruth.jpg","sizes":{"thumbnail":{"file":"Hallensleben_Ruth-150x150.jpg","width":150,"height":150,"mime_type":"image\/jpeg","source_url":"https:\/\/www.mediapark.de\/wp-content\/uploads\/2019\/04\/Hallensleben_Ruth-150x150.jpg"},"medium":{"file":"Hallensleben_Ruth-226x300.jpg","width":226,"height":300,"mime_type":"image\/jpeg","source_url":"https:\/\/www.mediapark.de\/wp-content\/uploads\/2019\/04\/Hallensleben_Ruth-226x300.jpg"},"medium_large":{"file":"Hallensleben_Ruth-768x1019.jpg","width":768,"height":1019,"mime_type":"image\/jpeg","source_url":"https:\/\/www.mediapark.de\/wp-content\/uploads\/2019\/04\/Hallensleben_Ruth-768x1019.jpg"},"large":{"file":"Hallensleben_Ruth-772x1024.jpg","width":772,"height":1024,"mime_type":"image\/jpeg","source_url":"https:\/\/www.mediapark.de\/wp-content\/uploads\/2019\/04\/Hallensleben_Ruth-772x1024.jpg"},"teaser_title":{"file":"Hallensleben_Ruth-360x240.jpg","width":360,"height":240,"mime_type":"image\/jpeg","source_url":"https:\/\/www.mediapark.de\/wp-content\/uploads\/2019\/04\/Hallensleben_Ruth-360x240.jpg"},"post-header":{"file":"Hallensleben_Ruth-1280x300.jpg","width":1280,"height":300,"mime_type":"image\/jpeg","source_url":"https:\/\/www.mediapark.de\/wp-content\/uploads\/2019\/04\/Hallensleben_Ruth-1280x300.jpg"},"full":{"file":"Hallensleben_Ruth.jpg","width":1603,"height":2126,"mime_type":"image\/jpeg","source_url":"https:\/\/www.mediapark.de\/wp-content\/uploads\/2019\/04\/Hallensleben_Ruth.jpg"}},"image_meta":{"aperture":"0","credit":"Ruth Hallensleben","camera":"","caption":"","created_timestamp":"0","copyright":"\u00a9 Fotoarchiv Ruhr Museum Essen, 2018; courtesy Die Photographische Sammlung\/SK Stiftung Kultur, K\u00f6ln","focal_length":"0","iso":"0","shutter_speed":"0","title":"Reklame f\u00fcr die Tapetenfirma Pickhardt &amp; Siebert, Gummersbach,","orientation":"1","keywords":[]}},"post":null,"source_url":"https:\/\/www.mediapark.de\/wp-content\/uploads\/2019\/04\/Hallensleben_Ruth.jpg","_links":{"self":[{"href":"https:\/\/www.mediapark.de\/en\/wp-json\/wp\/v2\/media\/4105","targetHints":{"allow":["GET"]}}],"collection":[{"href":"https:\/\/www.mediapark.de\/en\/wp-json\/wp\/v2\/media"}],"about":[{"href":"https:\/\/www.mediapark.de\/en\/wp-json\/wp\/v2\/types\/attachment"}],"author":[{"embeddable":true,"href":"https:\/\/www.mediapark.de\/en\/wp-json\/wp\/v2\/users\/2"}],"replies":[{"embeddable":true,"href":"https:\/\/www.mediapark.de\/en\/wp-json\/wp\/v2\/comments?post=4105"}]}}

Reklame für die Tapetenfirma Pickhardt &amp; Siebert, Gummersbach,

<!-- This site is optimized with the Yoast SEO plugin v24.2 - https://yoast.com/wordpress/plugins/seo/ -->
<title>Reklame für die Tapetenfirma Pickhardt &amp; Siebert, Gummersbach, - MediaPark Köln</title>
<meta name="robots" content="index, follow, max-snippet:-1, max-image-preview:large, max-video-preview:-1" />
<link rel="canonical" href="https://www.mediapark.de/wp-content/uploads/2019/04/Hallensleben_Ruth.jpg" />
<meta property="og:locale" content="en_US" />
<meta property="og:type" content="article" />
<meta property="og:title" content="Reklame für die Tapetenfirma Pickhardt &amp; Siebert, Gummersbach, - MediaPark Köln" />
<meta property="og:description" content="Ruth Hallensleben: Reklame für die Tapetenfirma Pickhardt &amp; Siebert, Gummersbach, August 1956 © Fotoarchiv Ruhr Museum Essen, 2019; courtesy Die Photographische Sammlung/SK Stiftung Kultur, Köln" />
<meta property="og:url" content="https://www.mediapark.de/wp-content/uploads/2019/04/Hallensleben_Ruth.jpg" />
<meta property="og:site_name" content="MediaPark Köln" />
<meta property="article:publisher" content="http://www.facebook.com/pages/MediaPark/360959134018223" />
<meta property="article:modified_time" content="2019-04-17T09:25:43+00:00" />
<meta property="og:image" content="https://www.mediapark.de/wp-content/uploads/2019/04/Hallensleben_Ruth.jpg" />
	<meta property="og:image:width" content="1603" />
	<meta property="og:image:height" content="2126" />
	<meta property="og:image:type" content="image/jpeg" />
<meta name="twitter:card" content="summary_large_image" />
<meta name="twitter:site" content="@MediaParkKoeln" />
<script type="application/ld+json" class="yoast-schema-graph">{"@context":"https://schema.org","@graph":[{"@type":"WebPage","@id":"https://www.mediapark.de/wp-content/uploads/2019/04/Hallensleben_Ruth.jpg","url":"https://www.mediapark.de/wp-content/uploads/2019/04/Hallensleben_Ruth.jpg","name":"Reklame für die Tapetenfirma Pickhardt &amp; Siebert, Gummersbach, - MediaPark Köln","isPartOf":{"@id":"https://www.mediapark.de/#website"},"datePublished":"2019-04-17T09:25:38+00:00","dateModified":"2019-04-17T09:25:43+00:00","breadcrumb":{"@id":"https://www.mediapark.de/wp-content/uploads/2019/04/Hallensleben_Ruth.jpg#breadcrumb"},"inLanguage":"en-US","potentialAction":[{"@type":"ReadAction","target":["https://www.mediapark.de/wp-content/uploads/2019/04/Hallensleben_Ruth.jpg"]}]},{"@type":"BreadcrumbList","@id":"https://www.mediapark.de/wp-content/uploads/2019/04/Hallensleben_Ruth.jpg#breadcrumb","itemListElement":[{"@type":"ListItem","position":1,"name":"Startseite","item":"https://www.mediapark.de/en/"},{"@type":"ListItem","position":2,"name":"Reklame für die Tapetenfirma Pickhardt &amp; Siebert, Gummersbach,"}]},{"@type":"WebSite","@id":"https://www.mediapark.de/#website","url":"https://www.mediapark.de/","name":"MediaPark Köln","description":"","potentialAction":[{"@type":"SearchAction","target":{"@type":"EntryPoint","urlTemplate":"https://www.mediapark.de/?s={search_term_string}"},"query-input":{"@type":"PropertyValueSpecification","valueRequired":true,"valueName":"search_term_string"}}],"inLanguage":"en-US"}]}</script>
<!-- / Yoast SEO plugin. -->

Reklame für die Tapetenfirma Pickhardt &amp; Siebert, Gummersbach, - MediaPark Köln

Ruth Hallensleben: Reklame für die Tapetenfirma Pickhardt & Siebert, Gummersbach, August 1956 © Fotoarchiv Ruhr Museum Essen, 2019; courtesy Die Photographische Sammlung/SK Stiftung Kultur, Köln

MediaPark Köln

<p>Ruth Hallensleben: Reklame für die Tapetenfirma Pickhardt &#038; Siebert, Gummersbach, August 1956</p>
<p>© Fotoarchiv Ruhr Museum Essen, 2019; courtesy Die Photographische Sammlung/SK Stiftung Kultur, Köln </p>

© Fotoarchiv Ruhr Museum Essen, 2018; courtesy Die Photographische Sammlung/SK Stiftung Kultur, Köln
