{"id":870,"date":"2017-04-26T08:50:03","date_gmt":"2017-04-26T06:50:03","guid":{"rendered":"http:\/\/www.mediapark.de\/?page_id=870\/"},"modified":"2018-04-12T16:59:11","modified_gmt":"2018-04-12T14:59:11","slug":"im-mediapark-3-mediapark-klinik","status":"publish","type":"page","link":"https:\/\/www.mediapark.de\/en\/location-mediapark\/buildings\/im-mediapark-3-mediapark-klinik\/","title":{"rendered":"In MediaPark 3 &#8211;  MediaPark Klinik"},"content":{"rendered":"<div class=\"wpb-content-wrapper\"><p>[vc_row][vc_column][vc_single_image image=&#8221;2528&#8243; img_size=&#8221;full&#8221; alignment=&#8221;center&#8221; el_class=&#8221;content-title-image&#8221;][\/vc_column][\/vc_row][vc_row el_class=&#8221;flex-row&#8221;][vc_column offset=&#8221;vc_col-lg-3 vc_col-md-4 vc_col-xs-12&#8243; el_class=&#8221;float-sm-right&#8221;][\/vc_column][vc_column css=&#8221;.vc_custom_1496213929825{background-color: #ffffff !important;}&#8221; offset=&#8221;vc_col-lg-9 vc_col-md-8 vc_col-xs-12&#8243; el_class=&#8221;float-sm-left&#8221;][vc_row_inner][vc_column_inner el_class=&#8221;content-headline&#8221;][vc_column_text]<\/p>\n<h1>In MediaPark 3 &#8211; MediaPark Klinik<\/h1>\n<p>[\/vc_column_text][\/vc_column_inner][\/vc_row_inner][vc_column_text]<b>Gross floor area:<\/b> 16.000m\u00b2<b><br \/>\nRental area: <\/b>7.487m\u00b2<b><br \/>\nEnclosed space: <\/b>54.000m\u00b3<b><br \/>\nConstruction type: <\/b>Reinforced concrete\u00a0<b><br \/>\nParking area\/spaces: <\/b>50<b><br \/>\nYear of construction: <\/b>2000 &#8211; 2001<b><br \/>\nClient: <\/b>MediaPark Klinik Besitz KG<b><br \/>\n<\/b>[\/vc_column_text][vc_column_text]<b>General planner: <\/b>Plan + Grund Verwaltungs- und Planungsgesllschaft mbH<b><br \/>\nContact: <\/b>Dieter Daubenb\u00fcchel<b><br \/>\n<\/b>Salierring 32<br \/>\n50677 K\u00f6ln<br \/>\nFon.: 0221. 99 77 970<br \/>\nFax: 0221. 99 77 933<br \/>\n<a class=\"external-link-new-window\" title=\"Opens external link in new window\" href=\"http:\/\/www.plan-und-grund.de\/\">www.plan-und-grund.de\u00a0 <\/a><b><br \/>\nArchitekt:<\/b> Oxen + R\u00f6mer und Partner GbR<br \/>\nKalscheurener Strasse 19<br \/>\n50354 H\u00fcrth-Efferen<br \/>\nFon: 02233\/60 840<br \/>\nFax: 02233\/60 84 50<br \/>\n<a class=\"external-link-new-window\" title=\"Opens external link in new window\" href=\"http:\/\/www.oxen-roemer.de\/\">www.oxen-roemer.de<\/a><br \/>\nE-mail: <a class=\"mail\" title=\"Opens window for sending email\" href=\"mailto:architekten@oxen-roemer.de\">architekten@oxen-roemer.de<\/a><br \/>\nContact: Bernd R\u00f6mer <b><br \/>\n<\/b>[\/vc_column_text][vc_gallery type=&#8221;image_grid&#8221; images=&#8221;2532,2530&#8243;][\/vc_column][\/vc_row]<\/p>\n<\/div>","protected":false},"excerpt":{"rendered":"<p>[vc_row][vc_column][vc_single_image image=&#8221;2528&#8243; img_size=&#8221;full&#8221; alignment=&#8221;center&#8221; el_class=&#8221;content-title-image&#8221;][\/vc_column][\/vc_row][vc_row el_class=&#8221;flex-row&#8221;][vc_column offset=&#8221;vc_col-lg-3 vc_col-md-4 vc_col-xs-12&#8243; el_class=&#8221;float-sm-right&#8221;][\/vc_column][vc_column css=&#8221;.vc_custom_1496213929825{background-color: #ffffff !important;}&#8221; offset=&#8221;vc_col-lg-9 vc_col-md-8 vc_col-xs-12&#8243; el_class=&#8221;float-sm-left&#8221;][vc_row_inner][vc_column_inner el_class=&#8221;content-headline&#8221;][vc_column_text] In MediaPark 3 &#8211; MediaPark Klinik [\/vc_column_text][\/vc_column_inner][\/vc_row_inner][vc_column_text]Gross floor area: 16.000m\u00b2 Rental area: 7.487m\u00b2 Enclosed space: 54.000m\u00b3 Construction type: Reinforced concrete\u00a0 Parking area\/spaces: 50 Year of construction: 2000 &#8211; 2001 Client: MediaPark Klinik Besitz KG [\/vc_column_text][vc_column_text]General planner: Plan&hellip;<\/p>\n","protected":false},"author":1,"featured_media":0,"parent":862,"menu_order":3,"comment_status":"closed","ping_status":"closed","template":"","meta":{"_acf_changed":false,"footnotes":""},"class_list":["post-870","page","type-page","status-publish","hentry"],"acf":[],"yoast_head":"<!-- This site is optimized with the Yoast SEO plugin v24.2 - https:\/\/yoast.com\/wordpress\/plugins\/seo\/ -->\n<title>MediaPark Klinik - MediaPark K\u00f6ln<\/title>\n<meta name=\"description\" content=\"Im Geb\u00e4ude ist auf sieben Etagen die MediaPark Klinik untergebracht. Im Erdgeschoss finden sich au\u00dferdem ein Sanit\u00e4tshaus, eine Apotheke, ein Bistro.\" \/>\n<meta name=\"robots\" content=\"index, follow, max-snippet:-1, max-image-preview:large, max-video-preview:-1\" \/>\n<link rel=\"canonical\" href=\"https:\/\/www.mediapark.de\/en\/location-mediapark\/buildings\/im-mediapark-3-mediapark-klinik\/\" \/>\n<meta property=\"og:locale\" content=\"en_US\" \/>\n<meta property=\"og:type\" content=\"article\" \/>\n<meta property=\"og:title\" content=\"MediaPark Klinik - MediaPark K\u00f6ln\" \/>\n<meta property=\"og:description\" content=\"Im Geb\u00e4ude ist auf sieben Etagen die MediaPark Klinik untergebracht. Im Erdgeschoss finden sich au\u00dferdem ein Sanit\u00e4tshaus, eine Apotheke, ein Bistro.\" \/>\n<meta property=\"og:url\" content=\"https:\/\/www.mediapark.de\/en\/location-mediapark\/buildings\/im-mediapark-3-mediapark-klinik\/\" \/>\n<meta property=\"og:site_name\" content=\"MediaPark K\u00f6ln\" \/>\n<meta property=\"article:publisher\" content=\"http:\/\/www.facebook.com\/pages\/MediaPark\/360959134018223\" \/>\n<meta property=\"article:modified_time\" content=\"2018-04-12T14:59:11+00:00\" \/>\n<meta name=\"twitter:card\" content=\"summary_large_image\" \/>\n<meta name=\"twitter:site\" content=\"@MediaParkKoeln\" \/>\n<meta name=\"twitter:label1\" content=\"Est. reading time\" \/>\n\t<meta name=\"twitter:data1\" content=\"1 minute\" \/>\n<script type=\"application\/ld+json\" class=\"yoast-schema-graph\">{\"@context\":\"https:\/\/schema.org\",\"@graph\":[{\"@type\":\"WebPage\",\"@id\":\"https:\/\/www.mediapark.de\/en\/location-mediapark\/buildings\/im-mediapark-3-mediapark-klinik\/\",\"url\":\"https:\/\/www.mediapark.de\/en\/location-mediapark\/buildings\/im-mediapark-3-mediapark-klinik\/\",\"name\":\"MediaPark Klinik - MediaPark K\u00f6ln\",\"isPartOf\":{\"@id\":\"https:\/\/www.mediapark.de\/#website\"},\"datePublished\":\"2017-04-26T06:50:03+00:00\",\"dateModified\":\"2018-04-12T14:59:11+00:00\",\"description\":\"Im Geb\u00e4ude ist auf sieben Etagen die MediaPark Klinik untergebracht. Im Erdgeschoss finden sich au\u00dferdem ein Sanit\u00e4tshaus, eine Apotheke, ein Bistro.\",\"breadcrumb\":{\"@id\":\"https:\/\/www.mediapark.de\/en\/location-mediapark\/buildings\/im-mediapark-3-mediapark-klinik\/#breadcrumb\"},\"inLanguage\":\"en-US\",\"potentialAction\":[{\"@type\":\"ReadAction\",\"target\":[\"https:\/\/www.mediapark.de\/en\/location-mediapark\/buildings\/im-mediapark-3-mediapark-klinik\/\"]}]},{\"@type\":\"BreadcrumbList\",\"@id\":\"https:\/\/www.mediapark.de\/en\/location-mediapark\/buildings\/im-mediapark-3-mediapark-klinik\/#breadcrumb\",\"itemListElement\":[{\"@type\":\"ListItem\",\"position\":1,\"name\":\"Startseite\",\"item\":\"https:\/\/www.mediapark.de\/en\/\"},{\"@type\":\"ListItem\",\"position\":2,\"name\":\"Location MediaPark\",\"item\":\"https:\/\/www.mediapark.de\/en\/location-mediapark\/\"},{\"@type\":\"ListItem\",\"position\":3,\"name\":\"Buildings\",\"item\":\"https:\/\/www.mediapark.de\/en\/location-mediapark\/buildings\/\"},{\"@type\":\"ListItem\",\"position\":4,\"name\":\"In MediaPark 3 &#8211; MediaPark Klinik\"}]},{\"@type\":\"WebSite\",\"@id\":\"https:\/\/www.mediapark.de\/#website\",\"url\":\"https:\/\/www.mediapark.de\/\",\"name\":\"MediaPark K\u00f6ln\",\"description\":\"\",\"potentialAction\":[{\"@type\":\"SearchAction\",\"target\":{\"@type\":\"EntryPoint\",\"urlTemplate\":\"https:\/\/www.mediapark.de\/?s={search_term_string}\"},\"query-input\":{\"@type\":\"PropertyValueSpecification\",\"valueRequired\":true,\"valueName\":\"search_term_string\"}}],\"inLanguage\":\"en-US\"}]}<\/script>\n<!-- \/ Yoast SEO plugin. -->","yoast_head_json":{"title":"MediaPark Klinik - MediaPark K\u00f6ln","description":"Im Geb\u00e4ude ist auf sieben Etagen die MediaPark Klinik untergebracht. Im Erdgeschoss finden sich au\u00dferdem ein Sanit\u00e4tshaus, eine Apotheke, ein Bistro.","robots":{"index":"index","follow":"follow","max-snippet":"max-snippet:-1","max-image-preview":"max-image-preview:large","max-video-preview":"max-video-preview:-1"},"canonical":"https:\/\/www.mediapark.de\/en\/location-mediapark\/buildings\/im-mediapark-3-mediapark-klinik\/","og_locale":"en_US","og_type":"article","og_title":"MediaPark Klinik - MediaPark K\u00f6ln","og_description":"Im Geb\u00e4ude ist auf sieben Etagen die MediaPark Klinik untergebracht. Im Erdgeschoss finden sich au\u00dferdem ein Sanit\u00e4tshaus, eine Apotheke, ein Bistro.","og_url":"https:\/\/www.mediapark.de\/en\/location-mediapark\/buildings\/im-mediapark-3-mediapark-klinik\/","og_site_name":"MediaPark K\u00f6ln","article_publisher":"http:\/\/www.facebook.com\/pages\/MediaPark\/360959134018223","article_modified_time":"2018-04-12T14:59:11+00:00","twitter_card":"summary_large_image","twitter_site":"@MediaParkKoeln","twitter_misc":{"Est. reading time":"1 minute"},"schema":{"@context":"https:\/\/schema.org","@graph":[{"@type":"WebPage","@id":"https:\/\/www.mediapark.de\/en\/location-mediapark\/buildings\/im-mediapark-3-mediapark-klinik\/","url":"https:\/\/www.mediapark.de\/en\/location-mediapark\/buildings\/im-mediapark-3-mediapark-klinik\/","name":"MediaPark Klinik - MediaPark K\u00f6ln","isPartOf":{"@id":"https:\/\/www.mediapark.de\/#website"},"datePublished":"2017-04-26T06:50:03+00:00","dateModified":"2018-04-12T14:59:11+00:00","description":"Im Geb\u00e4ude ist auf sieben Etagen die MediaPark Klinik untergebracht. Im Erdgeschoss finden sich au\u00dferdem ein Sanit\u00e4tshaus, eine Apotheke, ein Bistro.","breadcrumb":{"@id":"https:\/\/www.mediapark.de\/en\/location-mediapark\/buildings\/im-mediapark-3-mediapark-klinik\/#breadcrumb"},"inLanguage":"en-US","potentialAction":[{"@type":"ReadAction","target":["https:\/\/www.mediapark.de\/en\/location-mediapark\/buildings\/im-mediapark-3-mediapark-klinik\/"]}]},{"@type":"BreadcrumbList","@id":"https:\/\/www.mediapark.de\/en\/location-mediapark\/buildings\/im-mediapark-3-mediapark-klinik\/#breadcrumb","itemListElement":[{"@type":"ListItem","position":1,"name":"Startseite","item":"https:\/\/www.mediapark.de\/en\/"},{"@type":"ListItem","position":2,"name":"Location MediaPark","item":"https:\/\/www.mediapark.de\/en\/location-mediapark\/"},{"@type":"ListItem","position":3,"name":"Buildings","item":"https:\/\/www.mediapark.de\/en\/location-mediapark\/buildings\/"},{"@type":"ListItem","position":4,"name":"In MediaPark 3 &#8211; MediaPark Klinik"}]},{"@type":"WebSite","@id":"https:\/\/www.mediapark.de\/#website","url":"https:\/\/www.mediapark.de\/","name":"MediaPark K\u00f6ln","description":"","potentialAction":[{"@type":"SearchAction","target":{"@type":"EntryPoint","urlTemplate":"https:\/\/www.mediapark.de\/?s={search_term_string}"},"query-input":{"@type":"PropertyValueSpecification","valueRequired":true,"valueName":"search_term_string"}}],"inLanguage":"en-US"}]}},"_links":{"self":[{"href":"https:\/\/www.mediapark.de\/en\/wp-json\/wp\/v2\/pages\/870","targetHints":{"allow":["GET"]}}],"collection":[{"href":"https:\/\/www.mediapark.de\/en\/wp-json\/wp\/v2\/pages"}],"about":[{"href":"https:\/\/www.mediapark.de\/en\/wp-json\/wp\/v2\/types\/page"}],"author":[{"embeddable":true,"href":"https:\/\/www.mediapark.de\/en\/wp-json\/wp\/v2\/users\/1"}],"replies":[{"embeddable":true,"href":"https:\/\/www.mediapark.de\/en\/wp-json\/wp\/v2\/comments?post=870"}],"version-history":[{"count":8,"href":"https:\/\/www.mediapark.de\/en\/wp-json\/wp\/v2\/pages\/870\/revisions"}],"predecessor-version":[{"id":3348,"href":"https:\/\/www.mediapark.de\/en\/wp-json\/wp\/v2\/pages\/870\/revisions\/3348"}],"up":[{"embeddable":true,"href":"https:\/\/www.mediapark.de\/en\/wp-json\/wp\/v2\/pages\/862"}],"wp:attachment":[{"href":"https:\/\/www.mediapark.de\/en\/wp-json\/wp\/v2\/media?parent=870"}],"curies":[{"name":"wp","href":"https:\/\/api.w.org\/{rel}","templated":true}]}}

<div class="wpb-content-wrapper"><p>[vc_row][vc_column][vc_single_image image=&#8221;2528&#8243; img_size=&#8221;full&#8221; alignment=&#8221;center&#8221; el_class=&#8221;content-title-image&#8221;][/vc_column][/vc_row][vc_row el_class=&#8221;flex-row&#8221;][vc_column offset=&#8221;vc_col-lg-3 vc_col-md-4 vc_col-xs-12&#8243; el_class=&#8221;float-sm-right&#8221;][/vc_column][vc_column css=&#8221;.vc_custom_1496213929825{background-color: #ffffff !important;}&#8221; offset=&#8221;vc_col-lg-9 vc_col-md-8 vc_col-xs-12&#8243; el_class=&#8221;float-sm-left&#8221;][vc_row_inner][vc_column_inner el_class=&#8221;content-headline&#8221;][vc_column_text]</p>
<h1>In MediaPark 3 &#8211; MediaPark Klinik</h1>
<p>[/vc_column_text][/vc_column_inner][/vc_row_inner][vc_column_text]<b>Gross floor area:</b> 16.000m²<b><br />
Rental area: </b>7.487m²<b><br />
Enclosed space: </b>54.000m³<b><br />
Construction type: </b>Reinforced concrete <b><br />
Parking area/spaces: </b>50<b><br />
Year of construction: </b>2000 &#8211; 2001<b><br />
Client: </b>MediaPark Klinik Besitz KG<b><br />
</b>[/vc_column_text][vc_column_text]<b>General planner: </b>Plan + Grund Verwaltungs- und Planungsgesllschaft mbH<b><br />
Contact: </b>Dieter Daubenbüchel<b><br />
</b>Salierring 32<br />
50677 Köln<br />
Fon.: 0221. 99 77 970<br />
Fax: 0221. 99 77 933<br />
<a class="external-link-new-window" title="Opens external link in new window" href="http://www.plan-und-grund.de/">www.plan-und-grund.de  </a><b><br />
Architekt:</b> Oxen + Römer und Partner GbR<br />
Kalscheurener Strasse 19<br />
50354 Hürth-Efferen<br />
Fon: 02233/60 840<br />
Fax: 02233/60 84 50<br />
<a class="external-link-new-window" title="Opens external link in new window" href="http://www.oxen-roemer.de/">www.oxen-roemer.de</a><br />
E-mail: <a class="mail" title="Opens window for sending email" href="mailto:architekten@oxen-roemer.de">architekten@oxen-roemer.de</a><br />
Contact: Bernd Römer <b><br />
</b>[/vc_column_text][vc_gallery type=&#8221;image_grid&#8221; images=&#8221;2532,2530&#8243;][/vc_column][/vc_row]</p>
</div>

<!-- This site is optimized with the Yoast SEO plugin v24.2 - https://yoast.com/wordpress/plugins/seo/ -->
<title>MediaPark Klinik - MediaPark Köln</title>
<meta name="description" content="Im Gebäude ist auf sieben Etagen die MediaPark Klinik untergebracht. Im Erdgeschoss finden sich außerdem ein Sanitätshaus, eine Apotheke, ein Bistro." />
<meta name="robots" content="index, follow, max-snippet:-1, max-image-preview:large, max-video-preview:-1" />
<link rel="canonical" href="https://www.mediapark.de/en/location-mediapark/buildings/im-mediapark-3-mediapark-klinik/" />
<meta property="og:locale" content="en_US" />
<meta property="og:type" content="article" />
<meta property="og:title" content="MediaPark Klinik - MediaPark Köln" />
<meta property="og:description" content="Im Gebäude ist auf sieben Etagen die MediaPark Klinik untergebracht. Im Erdgeschoss finden sich außerdem ein Sanitätshaus, eine Apotheke, ein Bistro." />
<meta property="og:url" content="https://www.mediapark.de/en/location-mediapark/buildings/im-mediapark-3-mediapark-klinik/" />
<meta property="og:site_name" content="MediaPark Köln" />
<meta property="article:publisher" content="http://www.facebook.com/pages/MediaPark/360959134018223" />
<meta property="article:modified_time" content="2018-04-12T14:59:11+00:00" />
<meta name="twitter:card" content="summary_large_image" />
<meta name="twitter:site" content="@MediaParkKoeln" />
<meta name="twitter:label1" content="Est. reading time" />
	<meta name="twitter:data1" content="1 minute" />
<script type="application/ld+json" class="yoast-schema-graph">{"@context":"https://schema.org","@graph":[{"@type":"WebPage","@id":"https://www.mediapark.de/en/location-mediapark/buildings/im-mediapark-3-mediapark-klinik/","url":"https://www.mediapark.de/en/location-mediapark/buildings/im-mediapark-3-mediapark-klinik/","name":"MediaPark Klinik - MediaPark Köln","isPartOf":{"@id":"https://www.mediapark.de/#website"},"datePublished":"2017-04-26T06:50:03+00:00","dateModified":"2018-04-12T14:59:11+00:00","description":"Im Gebäude ist auf sieben Etagen die MediaPark Klinik untergebracht. Im Erdgeschoss finden sich außerdem ein Sanitätshaus, eine Apotheke, ein Bistro.","breadcrumb":{"@id":"https://www.mediapark.de/en/location-mediapark/buildings/im-mediapark-3-mediapark-klinik/#breadcrumb"},"inLanguage":"en-US","potentialAction":[{"@type":"ReadAction","target":["https://www.mediapark.de/en/location-mediapark/buildings/im-mediapark-3-mediapark-klinik/"]}]},{"@type":"BreadcrumbList","@id":"https://www.mediapark.de/en/location-mediapark/buildings/im-mediapark-3-mediapark-klinik/#breadcrumb","itemListElement":[{"@type":"ListItem","position":1,"name":"Startseite","item":"https://www.mediapark.de/en/"},{"@type":"ListItem","position":2,"name":"Location MediaPark","item":"https://www.mediapark.de/en/location-mediapark/"},{"@type":"ListItem","position":3,"name":"Buildings","item":"https://www.mediapark.de/en/location-mediapark/buildings/"},{"@type":"ListItem","position":4,"name":"In MediaPark 3 &#8211; MediaPark Klinik"}]},{"@type":"WebSite","@id":"https://www.mediapark.de/#website","url":"https://www.mediapark.de/","name":"MediaPark Köln","description":"","potentialAction":[{"@type":"SearchAction","target":{"@type":"EntryPoint","urlTemplate":"https://www.mediapark.de/?s={search_term_string}"},"query-input":{"@type":"PropertyValueSpecification","valueRequired":true,"valueName":"search_term_string"}}],"inLanguage":"en-US"}]}</script>
<!-- / Yoast SEO plugin. -->

MediaPark Klinik - MediaPark Köln

Im Gebäude ist auf sieben Etagen die MediaPark Klinik untergebracht. Im Erdgeschoss finden sich außerdem ein Sanitätshaus, eine Apotheke, ein Bistro.

MediaPark Köln
